(-7) + 20/70. Suppose 3*v - 2*b = 84, 7*v = 2*v + 2*b + 140. Let y = v - 4. What is the greatest common factor of m and y?
3
Let w(g) = g**3 - 15*g**2 - 17*g + 16. Let b be w(16). Suppose b = 2*n + 11 - 53. Calculate the highest common divisor of 231 and n.
21
Let i = -10 - -20. What is the greatest common factor of 30 and i?
10
Let g(p) = -p + 192. Let j be g(0). Calculate the greatest common factor of j and 12.
12
Suppose 5*h - 2*h - 65 = -s, 2*s + 5*h = 127. Calculate the highest common divisor of s and 8.
8
Suppose 6*z - 3*z - 17 = h, -5*z - 2*h + 10 = 0. Let x be 16/3*(z - 1). Suppose p - 4 = -0*p. What is the highest common factor of p and x?
4
Let j be (10 - -34)/(2/4). What is the greatest common divisor of j and 8?
8
Suppose 4*d + 135 = 5*m, -m + d = -0*m - 27. What is the greatest common divisor of m and 108?
27
Let z(b) = 5*b**3 - b**2 + b - 1. Let n be z(1). Suppose 0 = y - n*h + h - 15, 0 = -y + 5*h + 19. Calculate the highest common factor of y and 99.
9
Let c = -258 - -478. Calculate the highest common factor of c and 20.
20
Suppose -5*n + o + 212 = 5*o, o = 3. Suppose i = 5*j - 15 - 5, 2*j = i + 5. Calculate the greatest common factor of j and n.
5
Let w = -169 + 120. Let j = -31 - w. What is the highest common factor of j and 144?
18
Let y(t) = -t - 4. Let h be y(-4). Let p be 4 - (h + -3 + 3). Calculate the greatest common factor of 28 and p.
4
Let b(x) be the second derivative of -x**5/20 + 5*x**4/12 - x**3/2 - x**2 + 2*x. Let v be b(5). Let i = v - -30. What is the highest common factor of 91 and i?
13
Let c(a) = -a**2 + 9*a - 1. Let z be c(8). Calculate the highest common factor of 35 and z.
7
Let x be ((-36)/30)/(2/(-10)). Let w = x + -2. Suppose 15 = -5*k, 9*k - 69 = -3*c + w*k. Calculate the greatest common factor of 70 and c.
14
Let j(c) = 42*c. Suppose -v = v - 4. Let t be j(v). What is the greatest common divisor of 12 and t?
12
Suppose 0*s = -3*o + s + 34, 2*o = -3*s + 19. What is the greatest common factor of o and 33?
11
Suppose -26 + 6 = -j. Suppose 0 = 3*d - d - 3*q - 92, 0 = -4*d + q + 204. Let v be (-1)/5 - d/(-10). What is the greatest common divisor of j and v?
5
Let w(c) = c**3 + 9*c**2 + 2*c + 12. Let r be w(-10). Let s = r - -198. Calculate the greatest common factor of s and 10.
10
Suppose 5*y + 41 = 121. What is the highest common divisor of y and 4?
4
Suppose -69 - 99 = -4*t. Let b = t - -57. Calculate the highest common divisor of b and 11.
11
Let a be (12/8)/(3/100). What is the highest common factor of a and 20?
10
Suppose -258 = -7*b + 8. Calculate the highest common factor of 95 and b.
19
Let h be 82 - -2*(-3)/(-2). Suppose 59 + h = 3*r - 4*t, r - 3*t - 53 = 0. Calculate the highest common divisor of 4 and r.
4
Suppose -8 = 4*z, 0 = -2*w - 5*z + 46 + 98. Calculate the greatest common divisor of w and 7.
7
Let f(i) be the first derivative of i**4/4 + 8*i**3/3 - i**2/2 + 3*i - 2. Let l be f(-8). What is the greatest common divisor of 11 and l?
11
Let h be -1 + (-26)/(-8) + 79/(-316). Suppose -3*c + 59 = 5. What is the greatest common factor of h and c?
2
Suppose 3*q = 3*j + 12, -2*q - 4*j = -4*q + 14. Let m be -5 - -5 - -2*1. Calculate the greatest common factor of q and m.
1
Let t(q) = q**3 + 3*q**2 - 28*q + 1. Let v be t(-7). Calculate the highest common divisor of 3 and v.
1
Suppose -b + 2 = 0, 3*r - b = -0*r - 50. Let x = r + 32. What is the greatest common factor of 16 and x?
16
Let f = 5 - 5. Let r(z) = z - 48. Let c be r(f). Let j = -26 - c. What is the greatest common divisor of 11 and j?
11
Let w(o) = -4*o - 6 + 2*o - o. Let g be w(-6). What is the greatest common divisor of 30 and g?
6
Let c(f) = -72*f. Let r be c(-5). Suppose -2*b + r = -0*b. Suppose 4*q + q = b. Calculate the greatest common factor of q and 9.
9
Let n = 6 + -2. Let j be (n + -3)*2*12. What is the greatest common divisor of 16 and j?
8
Suppose 30 = 4*s + s + 4*o, -2*o + 10 = 0. Suppose 4*r + 4*p - 84 = 0, 0*r - s*p - 46 = -2*r. Calculate the greatest common divisor of 33 and r.
11
Suppose 0 = -x - 0*x + 16. Suppose -2*z + x = 2*y, 0 = 3*z - z - y - 13. Calculate the greatest common divisor of 49 and z.
7
Let y(g) = g**2 + 11*g + 15. Let u = -5 - 6. Let d be y(u). Calculate the highest common divisor of d and 135.
15
Suppose 4*x + 5*f = 47 + 38, -2*x + f = -25. What is the greatest common factor of 6 and x?
3
Suppose -3*s = -24 + 3. Let k = s + 26. Suppose -2*h = -3*l - 0*h + 33, 4*h = 0. What is the greatest common divisor of l and k?
11
Let k = 39 - -17. Suppose -2*p + 4*o = -54, 2*p - o - k = 4*o. What is the highest common divisor of p and 207?
23
Let l be (-1)/(-4) + (-765)/20. Let k(q) = 3*q**2 - 5*q - 2. Let z be k(6). Let w = z + l. Calculate the highest common divisor of w and 95.
19
Let x(t) = -t + 3. Let j be x(0). Suppose -j = 2*d - 9. Suppose 5*g + n = 3*g + 200, -d*g + 293 = -2*n. What is the greatest common divisor of g and 11?
11
Suppose 0 = 2*c - 3*c + 20. Calculate the highest common divisor of c and 50.
10
Suppose 0 = -4*z + 27 - 235. Let w = z - -77. What is the greatest common divisor of w and 50?
25
Suppose -l = -2*l + 21. What is the highest common divisor of 231 and l?
21
Suppose 0*a = -a. Let d(v) = v**3 - v + 5. Let x be d(a). Suppose 560 = x*i - 25. What is the highest common divisor of i and 13?
13
Let b(y) = -13*y + 2. Let z be b(2). Let s = z + 47. Calculate the highest common divisor of s and 207.
23
Let q(f) = -4*f**3 + f**2 + f + 1. Suppose a = -3*a + 12. Suppose 0 = a*n - 2 + 5. Let h be q(n). What is the greatest common divisor of 55 and h?
5
Let u = 80 + -9. Suppose -3*t + 2*l + 40 = -t, 4*t = l + u. What is the greatest common factor of t and 85?
17
Let p be 1072/7 - (6 - 328/56). What is the greatest common divisor of 17 and p?
17
Let u(h) be the third derivative of 7*h**4/12 - h**3/3 - h**2. Suppose c = -2*c + 21. Let j be u(c). Calculate the greatest common divisor of j and 12.
12
Let j be 548/10 - (-1)/5. Suppose 7*x - 4*x - 15 = 0. What is the highest common factor of j and x?
5
Suppose 0 = 3*h - 45 + 9. What is the greatest common factor of 12 and h?
12
Suppose -3*u + 4*z - 2 = -z, 8 = -4*z. Let l be 278/u + (-1)/(-2). Let f = l - -139. Calculate the greatest common divisor of f and 14.
14
Let j(v) = 31*v**2 + v. Let b be j(-1). What is the greatest common divisor of b and 6?
6
Let u be 18/(-9) + -1 + 7. What is the greatest common factor of u and 20?
4
Suppose -5*u + 2*y = -394, 0 = u + 6*y - 7*y - 77. Calculate the greatest common divisor of u and 16.
16
Let a(m) = m**3 + 4*m**2 - m - 2. Let j be a(-4). Let d = -46 + 64. What is the highest common factor of d and j?
2
Let v = 69 - -51. Suppose 3*x + 4*u = 25, -22 = -x + 2*u + 3. Calculate the greatest common divisor of v and x.
15
Suppose -3 = 5*h - 8. What is the highest common factor of h and 4?
1
Suppose 0 = 3*i + 15, 6*i + 35 = s + 2*i. Calculate the highest common factor of 60 and s.
15
Let b(z) = z**2 - 3*z + 2. Let k be b(3). Let l(p) = p - 2. Let d be l(1). Let n = k - d. Calculate the greatest common divisor of 1 and n.
1
Suppose 3*m = 2*m. Suppose -4*s = 3*d - 94, -5*s + m*s - 5*d = -120. Suppose -s = -t + 26. Calculate the greatest common factor of t and 12.
12
Let r be (-280)/(-16)*(2 - 12/10). What is the highest common factor of r and 35?
7
Let p(y) = -36*y. Let n be p(-2). Calculate the highest common factor of n and 18.
18
Suppose -2*v + 5*v = 3*o + 9, -o + 4*v - 18 = 0. Let h(m) = 4*m**2 - 1. Let c be h(o). What is the highest common factor of 6 and c?
3
Let n(v) = 3*v - 5. Let z be n(10). Calculate the greatest common divisor of 10 and z.
5
Suppose 0 = 2*n - 4*n - 20. Let o be 1/(2 - n/(-6)). Suppose -3*q + h = -95, q = -q + o*h + 54. What is the highest common divisor of q and 22?
11
Let n be (12/(-10))/(12/(-30)). Suppose n*b - 27 + 6 = 0. Calculate the greatest common factor of 56 and b.
7
Let p be (-3)/(-12) - (-31)/4. Let m(g) = 9*g + 13. Let n be m(p). Calculate the highest common divisor of 17 and n.
17
Let m = 16 + 0. Calculate the highest common factor of 176 and m.
16
Suppose 11*s - 25 = 6*s. Suppose x - 2*h = -2*x + 2, s*h + 5 = -x. Suppose x = 4*f + f - 400. Calculate the greatest common divisor of f and 10.
10
Let k = 88 + -61. Let o be (3 + k/6)*6. What is the greatest common divisor of o and